Dec 01 16:55:25.996 INFO testing gastamper/sholog against master#8940af3cea4a9a9deabcaf843b2f8cad9a83fc61 for beta-1.31-5
Dec 01 16:55:25.996 INFO running `"docker" "create" "-v" "/mnt/big/crater/work/local/target-dirs/beta-1.31-5/worker-0/master#8940af3cea4a9a9deabcaf843b2f8cad9a83fc61:/target:rw,Z" "-v" "/mnt/big/crater/work/local/test-source/worker-0/beta-1.31-5/master#8940af3cea4a9a9deabcaf843b2f8cad9a83fc61:/source:ro,Z" "-v" "/mnt/big/crater/work/local/cargo-home:/cargo-home:ro,Z" "-v" "/mnt/big/crater/work/local/rustup-home:/rustup-home:ro,Z" "-e" "USER_ID=1000" "-e" "SOURCE_DIR=/source" "-e" "USER_ID=1000" "-e" "CMD=cargo +8940af3cea4a9a9deabcaf843b2f8cad9a83fc61-alt build --frozen" "-e" "CARGO_TARGET_DIR=/target" "-e" "CARGO_INCREMENTAL=0" "-e" "RUST_BACKTRACE=full" "-e" "RUSTFLAGS=--cap-lints=warn" "-e" "CARGO_HOME=/cargo-home" "-e" "RUSTUP_HOME=/rustup-home" "-m" "1536M" "--network" "none" "crater"`
Dec 01 16:55:26.417 INFO [stdout] db692539a77e382bd732c7a9ce24e080623729e6e62eeb67648b339d202db047
Dec 01 16:55:26.424 INFO running `"docker" "start" "-a" "db692539a77e382bd732c7a9ce24e080623729e6e62eeb67648b339d202db047"`
Dec 01 16:55:27.595 INFO [stderr] usermod: no changes
Dec 01 16:55:27.795 INFO [stderr]    Compiling openssl v0.10.11
Dec 01 16:55:27.795 INFO [stderr]    Compiling openssl-src v110.0.5+1.1.0h
Dec 01 16:55:27.795 INFO [stderr]    Compiling rust-crypto v0.2.36
Dec 01 16:55:29.249 INFO [stderr]    Compiling openssl-sys v0.9.35
Dec 01 16:57:15.723 INFO [stderr]    Compiling sholog v0.1.0 (/source)
Dec 01 16:57:19.591 INFO [stderr]     Finished dev [unoptimized + debuginfo] target(s) in 1m 51s
Dec 01 16:57:19.591 INFO [stderr] su: No module specific data is present
Dec 01 16:57:20.085 INFO running `"docker" "inspect" "db692539a77e382bd732c7a9ce24e080623729e6e62eeb67648b339d202db047"`
Dec 01 16:57:20.355 INFO running `"docker" "rm" "-f" "db692539a77e382bd732c7a9ce24e080623729e6e62eeb67648b339d202db047"`
Dec 01 16:57:20.642 INFO [stdout] db692539a77e382bd732c7a9ce24e080623729e6e62eeb67648b339d202db047
Dec 01 16:57:20.645 INFO running `"docker" "create" "-v" "/mnt/big/crater/work/local/target-dirs/beta-1.31-5/worker-0/master#8940af3cea4a9a9deabcaf843b2f8cad9a83fc61:/target:rw,Z" "-v" "/mnt/big/crater/work/local/test-source/worker-0/beta-1.31-5/master#8940af3cea4a9a9deabcaf843b2f8cad9a83fc61:/source:ro,Z" "-v" "/mnt/big/crater/work/local/cargo-home:/cargo-home:ro,Z" "-v" "/mnt/big/crater/work/local/rustup-home:/rustup-home:ro,Z" "-e" "USER_ID=1000" "-e" "SOURCE_DIR=/source" "-e" "USER_ID=1000" "-e" "CMD=cargo +8940af3cea4a9a9deabcaf843b2f8cad9a83fc61-alt test --frozen --no-run" "-e" "CARGO_TARGET_DIR=/target" "-e" "CARGO_INCREMENTAL=0" "-e" "RUST_BACKTRACE=full" "-e" "RUSTFLAGS=--cap-lints=warn" "-e" "CARGO_HOME=/cargo-home" "-e" "RUSTUP_HOME=/rustup-home" "-m" "1536M" "--network" "none" "crater"`
Dec 01 16:57:20.988 INFO [stdout] 83b10f774ded9ec269639eb46aec901bc2350157d841afa2c5270a22625e81c8
Dec 01 16:57:20.996 INFO running `"docker" "start" "-a" "83b10f774ded9ec269639eb46aec901bc2350157d841afa2c5270a22625e81c8"`
Dec 01 16:57:21.816 INFO [stderr] usermod: no changes
Dec 01 16:57:21.923 INFO [stderr]    Compiling sholog v0.1.0 (/source)
Dec 01 16:57:25.847 INFO [stderr]     Finished dev [unoptimized + debuginfo] target(s) in 4.00s
Dec 01 16:57:25.847 INFO [stderr] su: No module specific data is present
Dec 01 16:57:26.393 INFO running `"docker" "inspect" "83b10f774ded9ec269639eb46aec901bc2350157d841afa2c5270a22625e81c8"`
Dec 01 16:57:26.657 INFO running `"docker" "rm" "-f" "83b10f774ded9ec269639eb46aec901bc2350157d841afa2c5270a22625e81c8"`
Dec 01 16:57:27.047 INFO [stdout] 83b10f774ded9ec269639eb46aec901bc2350157d841afa2c5270a22625e81c8
Dec 01 16:57:27.050 INFO running `"docker" "create" "-v" "/mnt/big/crater/work/local/target-dirs/beta-1.31-5/worker-0/master#8940af3cea4a9a9deabcaf843b2f8cad9a83fc61:/target:rw,Z" "-v" "/mnt/big/crater/work/local/test-source/worker-0/beta-1.31-5/master#8940af3cea4a9a9deabcaf843b2f8cad9a83fc61:/source:ro,Z" "-v" "/mnt/big/crater/work/local/cargo-home:/cargo-home:ro,Z" "-v" "/mnt/big/crater/work/local/rustup-home:/rustup-home:ro,Z" "-e" "USER_ID=1000" "-e" "SOURCE_DIR=/source" "-e" "USER_ID=1000" "-e" "CMD=cargo +8940af3cea4a9a9deabcaf843b2f8cad9a83fc61-alt test --frozen" "-e" "CARGO_TARGET_DIR=/target" "-e" "CARGO_INCREMENTAL=0" "-e" "RUST_BACKTRACE=full" "-e" "RUSTFLAGS=--cap-lints=warn" "-e" "CARGO_HOME=/cargo-home" "-e" "RUSTUP_HOME=/rustup-home" "-m" "1536M" "--network" "none" "crater"`
Dec 01 16:57:27.491 INFO [stdout] 0c72fd433f783df546b4051a185d55615d5b79e75ff6f79dd2e6de29080b2ef2
Dec 01 16:57:27.499 INFO running `"docker" "start" "-a" "0c72fd433f783df546b4051a185d55615d5b79e75ff6f79dd2e6de29080b2ef2"`
Dec 01 16:57:29.039 INFO [stderr] usermod: no changes
Dec 01 16:57:29.158 INFO [stderr]     Finished dev [unoptimized + debuginfo] target(s) in 0.09s
Dec 01 16:57:29.166 INFO [stderr]      Running /target/debug/deps/sholog-18f0b34db3226d23
Dec 01 16:57:29.177 INFO [stdout] 
Dec 01 16:57:29.177 INFO [stdout] running 1 test
Dec 01 16:57:29.253 INFO [stdout] test test::testssl ... FAILED
Dec 01 16:57:29.253 INFO [stdout] 
Dec 01 16:57:29.253 INFO [stdout] failures:
Dec 01 16:57:29.253 INFO [stdout] 
Dec 01 16:57:29.253 INFO [stdout] ---- test::testssl stdout ----
Dec 01 16:57:29.253 INFO [stdout] Server: Building SSL Acceptor
Dec 01 16:57:29.253 INFO [stdout] thread 'test::testssl' panicked at 'called `Result::unwrap()` on an `Err` value: ErrorStack([Error { code: 33558530, library: "system library", function: "fopen", reason: "No such file or directory", file: "crypto/bio/bss_file.c", line: 292, data: "fopen(\'server.key\',\'r\')" }, Error { code: 537346050, library: "BIO routines", function: "file_ctrl", reason: "system lib", file: "crypto/bio/bss_file.c", line: 294 }, Error { code: 336265218, library: "SSL routines", function: "SSL_CTX_use_PrivateKey_file", reason: "system lib", file: "ssl/ssl_rsa.c", line: 534 }])', libcore/result.rs:1009:5
Dec 01 16:57:29.253 INFO [stdout] stack backtrace:
Dec 01 16:57:29.253 INFO [stdout]    0:     0x5580433f64ff - std::sys::unix::backtrace::tracing::imp::unwind_backtrace::h3a8b83e1922cbdde
Dec 01 16:57:29.253 INFO [stdout]                                at libstd/sys/unix/backtrace/tracing/gcc_s.rs:49
Dec 01 16:57:29.253 INFO [stdout]    1:     0x558043400087 - std::sys_common::backtrace::print::h00d3155a29b4020f
Dec 01 16:57:29.253 INFO [stdout]                                at libstd/sys_common/backtrace.rs:71
Dec 01 16:57:29.253 INFO [stdout]                                at libstd/sys_common/backtrace.rs:59
Dec 01 16:57:29.253 INFO [stdout]    2:     0x5580433fab5f - std::panicking::default_hook::{{closure}}::hd7465c742e79e1bb
Dec 01 16:57:29.253 INFO [stdout]                                at libstd/panicking.rs:211
Dec 01 16:57:29.253 INFO [stdout]    3:     0x5580433fa85e - std::panicking::default_hook::h9e3966f2aa2a6e12
Dec 01 16:57:29.253 INFO [stdout]                                at libstd/panicking.rs:221
Dec 01 16:57:29.253 INFO [stdout]    4:     0x5580433fb23e - std::panicking::rust_panic_with_hook::h587f091ae747d080
Dec 01 16:57:29.253 INFO [stdout]                                at libstd/panicking.rs:476
Dec 01 16:57:29.253 INFO [stdout]    5:     0x5580433fade1 - std::panicking::continue_panic_fmt::hb3a4fdede87f43a8
Dec 01 16:57:29.253 INFO [stdout]                                at libstd/panicking.rs:390
Dec 01 16:57:29.253 INFO [stdout]    6:     0x5580433facc5 - rust_begin_unwind
Dec 01 16:57:29.253 INFO [stdout]                                at libstd/panicking.rs:325
Dec 01 16:57:29.253 INFO [stdout]    7:     0x55804343b43c - core::panicking::panic_fmt::h6f9cebf5e7474a0b
Dec 01 16:57:29.253 INFO [stdout]                                at libcore/panicking.rs:77
Dec 01 16:57:29.253 INFO [stdout]    8:     0x55804329f500 - core::result::unwrap_failed::hdc68740ac1bfae82
Dec 01 16:57:29.254 INFO [stdout]                                at libcore/macros.rs:26
Dec 01 16:57:29.254 INFO [stdout]    9:     0x55804329ec72 - <core::result::Result<T, E>>::unwrap::hc1c3415528e9173b
Dec 01 16:57:29.254 INFO [stdout]                                at libcore/result.rs:808
Dec 01 16:57:29.254 INFO [stdout]   10:     0x558043243255 - sholog::test::test_ssl::h778449dbce625708
Dec 01 16:57:29.254 INFO [stdout]                                at src/test.rs:10
Dec 01 16:57:29.254 INFO [stdout]   11:     0x5580432448bc - sholog::test::testssl::hde303ab8aaed8d24
Dec 01 16:57:29.254 INFO [stdout]                                at src/test.rs:70
Dec 01 16:57:29.254 INFO [stdout]   12:     0x558043244899 - sholog::test::testssl::{{closure}}::hd707a9a8e5dc420b
Dec 01 16:57:29.254 INFO [stdout]                                at src/test.rs:69
Dec 01 16:57:29.254 INFO [stdout]   13:     0x5580432531cd - core::ops::function::FnOnce::call_once::hba85e549c4c8d79b
Dec 01 16:57:29.254 INFO [stdout]                                at libcore/ops/function.rs:238
Dec 01 16:57:29.254 INFO [stdout]   14:     0x5580432567be - <F as alloc::boxed::FnBox<A>>::call_box::hac903f91577a156c
Dec 01 16:57:29.254 INFO [stdout]                                at libtest/lib.rs:1468
Dec 01 16:57:29.254 INFO [stdout]                                at libcore/ops/function.rs:238
Dec 01 16:57:29.254 INFO [stdout]                                at liballoc/boxed.rs:672
Dec 01 16:57:29.254 INFO [stdout]   15:     0x55804340b039 - __rust_maybe_catch_panic
Dec 01 16:57:29.254 INFO [stdout]                                at libpanic_unwind/lib.rs:102
Dec 01 16:57:29.254 INFO [stdout]   16:     0x558043278412 - std::sys_common::backtrace::__rust_begin_short_backtrace::hb8f0d0309526c184
Dec 01 16:57:29.254 INFO [stdout]                                at libstd/panicking.rs:289
Dec 01 16:57:29.254 INFO [stdout]                                at libstd/panic.rs:392
Dec 01 16:57:29.254 INFO [stdout]                                at libtest/lib.rs:1423
Dec 01 16:57:29.254 INFO [stdout]                                at libstd/sys_common/backtrace.rs:136
Dec 01 16:57:29.254 INFO [stdout]   17:     0x558043278ec4 - std::panicking::try::do_call::hc2f7c8b9a348d8db
Dec 01 16:57:29.254 INFO [stdout]                                at libstd/thread/mod.rs:409
Dec 01 16:57:29.254 INFO [stdout]                                at libstd/panic.rs:313
Dec 01 16:57:29.254 INFO [stdout]                                at libstd/panicking.rs:310
Dec 01 16:57:29.254 INFO [stdout]   18:     0x55804340b039 - __rust_maybe_catch_panic
Dec 01 16:57:29.254 INFO [stdout]                                at libpanic_unwind/lib.rs:102
Dec 01 16:57:29.254 INFO [stdout]   19:     0x5580432660fc - <F as alloc::boxed::FnBox<A>>::call_box::h6bfded618e480b32
Dec 01 16:57:29.254 INFO [stdout]                                at libstd/panicking.rs:289
Dec 01 16:57:29.254 INFO [stdout]                                at libstd/panic.rs:392
Dec 01 16:57:29.254 INFO [stdout]                                at libstd/thread/mod.rs:408
Dec 01 16:57:29.254 INFO [stdout]                                at liballoc/boxed.rs:672
Dec 01 16:57:29.254 INFO [stdout]   20:     0x5580433f885d - std::sys_common::thread::start_thread::h4c28257d67cdf9cb
Dec 01 16:57:29.254 INFO [stdout]                                at liballoc/boxed.rs:682
Dec 01 16:57:29.254 INFO [stdout]                                at libstd/sys_common/thread.rs:24
Dec 01 16:57:29.254 INFO [stdout]   21:     0x5580433ea475 - std::sys::unix::thread::Thread::new::thread_start::hfecb2e7eff8fd34f
Dec 01 16:57:29.254 INFO [stdout]                                at libstd/sys/unix/thread.rs:90
Dec 01 16:57:29.254 INFO [stdout]   22:     0x7f1a8ceb26b9 - start_thread
Dec 01 16:57:29.254 INFO [stdout]   23:     0x7f1a8c9d241c - clone
Dec 01 16:57:29.254 INFO [stdout]   24:                0x0 - <unknown>
Dec 01 16:57:29.254 INFO [stdout] 
Dec 01 16:57:29.254 INFO [stdout] 
Dec 01 16:57:29.254 INFO [stdout] failures:
Dec 01 16:57:29.254 INFO [stdout]     test::testssl
Dec 01 16:57:29.254 INFO [stdout] 
Dec 01 16:57:29.254 INFO [stdout] test result: FAILED. 0 passed; 1 failed; 0 ignored; 0 measured; 0 filtered out
Dec 01 16:57:29.254 INFO [stdout] 
Dec 01 16:57:29.254 INFO [stderr] error: test failed, to rerun pass '--bin sholog'
Dec 01 16:57:29.254 INFO [stderr] su: No module specific data is present
Dec 01 16:57:29.823 INFO running `"docker" "inspect" "0c72fd433f783df546b4051a185d55615d5b79e75ff6f79dd2e6de29080b2ef2"`
Dec 01 16:57:29.992 INFO running `"docker" "rm" "-f" "0c72fd433f783df546b4051a185d55615d5b79e75ff6f79dd2e6de29080b2ef2"`
Dec 01 16:57:30.148 INFO [stdout] 0c72fd433f783df546b4051a185d55615d5b79e75ff6f79dd2e6de29080b2ef2
